at is the tens digit of a?
1
Suppose -2*n - 17 + 1 = 0. Let q = n + 44. What is the tens digit of q/60 + 57/5?
1
Let c(y) = 2*y + 2. Let g be c(-2). Let s(f) = 2 + 13*f - 23*f - 1 + 0. What is the units digit of s(g)?
1
Let c = 70 - 36. Let u be c/4 + (-6)/(-12). Let g = 71 - u. What is the units digit of g?
2
Suppose 12*b = 15*b, -4*b - 7545 = -5*n. What is the tens digit of n?
0
What is the hundreds digit of -886*(0 - (2 - 6/4))?
4
Let p(v) = -16*v**3 + v**2 - 4*v - 8. What is the hundreds digit of p(-3)?
4
Let f be (-2 + 3 + 74/4)*-2. What is the units digit of (-4 + f/(-12))/((-3)/96)?
4
What is the hundreds digit of (80/(-120))/((-4)/2250)?
3
Let a = 11 + -11. Suppose -x - 3*w + 17 = 0, 2*w = 4*x - 12 - a. Suppose -3*j = 5*b - 45, x*j - 4 - 14 = -2*b. What is the units digit of b?
9
Let q = -82 - -79. What is the hundreds digit of (4 + 225 + q)*1/2?
1
What is the hundreds digit of ((-1)/4)/(10/(-20040))?
5
Let q = 2 + -2. Suppose 3 = -q*c + 3*c. Suppose -5*o + 4 = -c. What is the units digit of o?
1
Let u(k) = -3*k - 18. Let o be u(-7). What is the hundreds digit of (o + -2)*(-812)/(-4)?
2
Let h(u) be the first derivative of 6 - 15/2*u**2 - 7*u - 1/3*u**3. What is the units digit of h(-10)?
3
Let u = 2489 + -301. What is the hundreds digit of u?
1
Let s = 3338 + 607. What is the units digit of s?
5
Let t(s) be the third derivative of s**6/120 - s**5/12 - 5*s**4/24 - s**2. Let d be t(6). What is the units digit of ((-8)/d)/((-1)/3)?
4
Let i(x) = -21*x + 11. Let a(n) = -17*n + 10. Let p(z) = 5*a(z) - 4*i(z). Let v = -12 + 4. What is the units digit of p(v)?
4
Let z(o) = -o**3 - 3*o**2 - o + 2. Let a be z(-2). Suppose a = -h - h + 46. What is the tens digit of h?
2
Let l(b) = -25*b + 12. Let g be l(8). Let o = -106 - g. What is the tens digit of o?
8
Let b(r) be the second derivative of -r**4/12 + r**3/3 - 4*r**2 - 4*r. Let a(n) be the first derivative of b(n). What is the units digit of a(-1)?
4
Suppose 0 = 202*s - 200*s - 296. What is the units digit of s?
8
Suppose -13 = -4*j + 3*i, -3*j - i + 5 = -2*j. What is the tens digit of 100 + (0 - j/(-4))?
0
Suppose 13*h - 2814 = 6*h. What is the tens digit of h?
0
Let v = 12 - 11. Suppose -5*q + 3*o = -207, -o - v = -2*o. Let i = 59 - q. What is the units digit of i?
7
Suppose 7*l - 3*l - 92 = 0. Suppose -4*j = l - 171. What is the units digit of j?
7
Suppose -10*b - 6123 = -36073. What is the thousands digit of b?
2
Suppose 0*n - 3*n = -3*k + 345, 2*k - 5*n = 239. What is the hundreds digit of k?
1
Let o = 521 - 377. What is the tens digit of o?
4
Let u = -162 - -335. What is the tens digit of u?
7
Let b be (-4 + 3)/((-1)/(-8)). Let w = -3 - b. Let m = 22 + w. What is the units digit of m?
7
Let s be (4 - -3)/(1 - (-78)/(-80)). Suppose w + s = 2*x, x - w = -2*x + 420. What is the tens digit of x?
4
Suppose 5*u = 2*j + 6, -j - 5*u = -u + 3. Let t = j + 8. What is the units digit of t?
5
Suppose -5*m = 319 - 1219. Suppose 5*d - d = m. What is the tens digit of d?
4
What is the units digit of ((-1 - 1) + 0)*-98?
6
Suppose 2*b + 5*v - 3979 = 0, -145*b + v = -142*b - 5977. What is the units digit of b?
2
Let v(q) = -235*q + 285. What is the units digit of v(-4)?
5
Let y = 5902 - 2547. What is the hundreds digit of y?
3
Let k(h) = -10*h**3 - 2*h**2 - 2*h - 3. Let w(t) = t - 9. Let g be w(7). Let c be k(g). Suppose -c = -4*j - 25. What is the tens digit of j?
1
Suppose 5*y - 22 = 3, -14642 = -4*d - 2*y. What is the units digit of d?
8
Suppose p - 689 = 4*h, -2*p + 1632 = 4*h + 194. What is the units digit of p?
9
Let s = 6 + -5. Suppose -2*k + g = -s, 3*k = k - 5*g - 5. Suppose 0 = -3*z - k*z + 27. What is the units digit of z?
9
Let s be (314/(-3) - -4)*-2*3. Suppose 5*r = r + s. What is the tens digit of r?
5
Let g be (-8)/(-12)*45/6. Suppose -5 = -g*f, 0 = -d + 5*f + 2 + 13. What is the units digit of (1*-3)/((-12)/d)?
5
Suppose -2*q - 9 = -r + 2, r - 4*q = 21. What is the tens digit of 12/16*r*36?
2
Suppose -65*n + 1050 = -60*n. Let r = 302 - n. What is the tens digit of r?
9
Let p(g) = g**3 + 11*g**2 - 5*g + 3. Let b be p(-9). Let x = b + -3. What is the units digit of x?
7
Let t(h) = 10*h**2 + 20*h + 114. What is the units digit of t(-15)?
4
Let v be 18/9 - 2/(-2). Let b be 52*(-1)/(-6)*v. Suppose -b = -3*m + 7. What is the units digit of m?
1
Suppose 0 = -5*y + 4976 + 2464. What is the hundreds digit of y?
4
Let o = 3183 - 1453. What is the thousands digit of o?
1
Suppose 4*n = 11 + 1. Suppose -6 = u + 2*u. What is the units digit of n + 0/u - -17?
0
Suppose -4213 = -3*u + m + 4856, 2*u - 6033 = 5*m. What is the tens digit of u?
2
Let c = -13 - -54. What is the tens digit of -1*c/(3/(-3))?
4
Let t(k) = 15*k - 3. Suppose -6*x = -5*x + 2. Let w be t(x). Let r = 72 + w. What is the tens digit of r?
3
Suppose 4*f = 7*f + 33. Let i = f + 13. Suppose i*m - 64 = -0*m. What is the tens digit of m?
3
Let g(b) = -34*b**3 - 3*b**2 + 2*b + 36. What is the tens digit of g(-5)?
0
Suppose 10 = a + a. Suppose -a*b + 3*b = -4. Suppose -b*s + 5*q - q + 18 = 0, 4 = s - 3*q. What is the units digit of s?
9
Suppose -11 = 2*c - 0*y - 5*y, 0 = 3*c - y - 16. Let l(d) = d**2 - 7*d + 3. Let b be l(c). Suppose -7 = -v + b. What is the tens digit of v?
1
Let i = -368 - -1211. What is the hundreds digit of i?
8
Suppose 62*y - 6479 = 51*y. What is the tens digit of y?
8
Let s = 0 + -2. Let w be 45/18 - s/(-4). Suppose w = u + z - 9, -5 = 5*z. What is the tens digit of u?
1
What is the tens digit of (-47185)/(-20) + (-6)/(-8)?
6
Suppose -3*v - n = -14, v + 3*n - 13 = n. Let h = -4 - -3. Let s = h + v. What is the units digit of s?
2
What is the units digit of ((-6)/3)/(4/(-5494))?
7
Suppose -5*t = 6 - 46. What is the tens digit of (2 - -1 - 86)/((-4)/t)?
6
Let u(x) = x**2 - 3*x - 5. Let b be u(5). Suppose -4*m = -b*m. What is the units digit of (-9 - (-2 + m))*-7?
9
Let l(a) = 29*a**3 - 4*a**2 + 6*a - 26. What is the units digit of l(3)?
9
Let o(s) = -6*s**3 - 5*s**2 - 2*s - 3. Let z(n) = n + 10*n**3 + 5*n**2 + 4 - 3*n**3 + n + 0*n**3. Let g(y) = -6*o(y) - 5*z(y). What is the units digit of g(-3)?
0
Suppose 0 = 262*w - 254*w - 10936. What is the thousands digit of w?
1
Suppose 0 = 2*j - 262 - 166. Suppose -3*f - f + 63 = z, -4*z + 3*f + j = 0. What is the units digit of z?
5
Suppose -3925 = -4*q - 21*q. What is the tens digit of q?
5
Let t(n) = 98*n - 16. What is the units digit of t(4)?
6
Let f = 1327 + -571. What is the hundreds digit of f?
7
Let d = 9 - 7. Suppose d*s - 5*s = -12. Suppose s*n - 30 = n. What is the units digit of n?
0
Let z = -28 - -23. What is the tens digit of (-1)/(z/223) + 3/(-5)?
4
Let s(r) = 4*r**3 - r**2 + 0 - 1 + 3 + 1. Let i be s(2). Let f = i + -4. What is the tens digit of f?
2
Let r = 549 + 373. What is the units digit of r?
2
Let q(i) = i**2 + i + 85. Suppose 3*l - l = 5*s + 10, -2*l - 6 = 3*s. What is the units digit of q(l)?
5
What is the units digit of (-4 + (-99)/(-18))*(-1054)/(-3)?
7
Let n = 845 - 589. Suppose -11*z = -7*z - n. What is the units digit of z?
4
Let f be ((-4012)/(-5))/1 - (-28)/(-70). Suppose -4*d - d - u = -f, 8 = 4*u. What is the hundreds digit of d?
1
Let s be 3/6 + (-315)/(-6). Let k(v) = 3*v**3 - 2. Let t be k(2). Suppose t = -h + s. What is the units digit of h?
1
Let u(s) = -13 + 20*s + 0 + 15*s**2 - 19*s. What is the hundreds digit of u(-4)?
2
Let q(s) = 91*s**3 - s**2 + 3*s - 1. Suppose -4 = 4*j - 8*j. What is the units digit of q(j)?
2
Let b(l) = -9*l. Let k be b(1). Let a(u) be the second derivative of u**4/12 + 7*u**3/6 - 5*u**2 + 2*u. What is the units digit of a(k)?
8
Let y(s) = 35*s - 229. What is the tens digit of y(40)?
7
Let y(g) = 5*g**2 + g. Let q(r) = -r + 1. Let w be q(-2). Suppose 14 + 2 = 4*p, j = w*p - 10. What is the tens digit of y(j)?
2
Let d(f) = f**2 + 5*f + 4. Let o be (5/(-3))/((-9)/(-27)). Let l be d(o). Suppose -21 = -3*v + 5*g + 33, 4*g = -l*v + 40. What is the tens digit of v?
1
Suppose 37*v - 2703 = 36*v. What is the units digit of v?
3
Let k(a) = -8*a**3 + 6*a - 4. Let j be k(2). What is the units digit of (-13)/(4/j + 0)?
2
Let o = 4943 - 2755. What is the units digit of o?
8
Suppose 561 = 2*t + k, 0*k - 1117 = -4*t - k. Let u = t + -113. What is the hundreds digit of u?
1
What is the hundreds digit of (3 - 114/30) + 74517/15?
9
